{"id":1501,"date":"2025-07-23T14:17:07","date_gmt":"2025-07-23T12:17:07","guid":{"rendered":"https:\/\/naftictest.es\/gdeco\/about\/"},"modified":"2025-10-02T16:32:49","modified_gmt":"2025-10-02T14:32:49","slug":"about","status":"publish","type":"page","link":"https:\/\/gdeco.es\/de\/about\/","title":{"rendered":"About"},"content":{"rendered":"<div id=\"pl-1501\"  class=\"panel-layout\" ><div id=\"pg-1501-0\"  class=\"panel-grid panel-no-style\" ><div id=\"pgc-1501-0-0\"  class=\"panel-grid-cell\" ><div id=\"panel-1501-0-0-0\" class=\"so-panel widget widget_sow-image panel-first-child panel-last-child\" data-index=\"0\" ><div\n\t\t\t\n\t\t\tclass=\"so-widget-sow-image so-widget-sow-image-default-8b5b6f678277-1501\"\n\t\t\t\n\t\t>\n<div class=\"sow-image-container\">\n\t\t<img \n\tsrc=\"https:\/\/gdeco.es\/wp-content\/uploads\/2025\/10\/FOTOS-AVOUT-2.jpg\" width=\"1920\" height=\"1920\" srcset=\"https:\/\/gdeco.es\/wp-content\/uploads\/2025\/10\/FOTOS-AVOUT-2.jpg 1920w, https:\/\/gdeco.es\/wp-content\/uploads\/2025\/10\/FOTOS-AVOUT-2-300x300.jpg 300w, https:\/\/gdeco.es\/wp-content\/uploads\/2025\/10\/FOTOS-AVOUT-2-1024x1024.jpg 1024w, https:\/\/gdeco.es\/wp-content\/uploads\/2025\/10\/FOTOS-AVOUT-2-150x150.jpg 150w, https:\/\/gdeco.es\/wp-content\/uploads\/2025\/10\/FOTOS-AVOUT-2-768x768.jpg 768w, https:\/\/gdeco.es\/wp-content\/uploads\/2025\/10\/FOTOS-AVOUT-2-1536x1536.jpg 1536w\" sizes=\"(max-width: 1920px) 100vw, 1920px\" title=\"FOTOS AVOUT 2\" alt=\"\" \t\tclass=\"so-widget-image\"\/>\n\t<\/div>\n\n<\/div><\/div><\/div><div id=\"pgc-1501-0-1\"  class=\"panel-grid-cell\" ><div id=\"panel-1501-0-1-0\" class=\"so-panel widget widget_sow-editor panel-first-child panel-last-child\" data-index=\"1\" ><div class=\"txt-about panel-widget-style panel-widget-style-for-1501-0-1-0\" ><div\n\t\t\t\n\t\t\tclass=\"so-widget-sow-editor so-widget-sow-editor-base\"\n\t\t\t\n\t\t>\n<div class=\"siteorigin-widget-tinymce textwidget\">\n\t<h2>Familienunternehmen mit starker internationaler Ausrichtung<\/h2>\n<p>G Deco wurde vor \u00fcber 20 Jahren gegr\u00fcndet.<br \/>\nSeit unseren Anf\u00e4ngen haben wir stets versucht, sowohl bei nationalen als auch internationalen Herstellern eine gro\u00dfe Vielfalt an M\u00f6beln und Dekorationsartikeln zu finden, die dem Zuhause eine einzigartige Atmosph\u00e4re verleihen.<\/p>\n<p>Ein weiterer gro\u00dfer Wert von G Deco ist unser famili\u00e4rer Charakter, der es uns erm\u00f6glicht hat, unseren Kunden einen pers\u00f6nlichen und qualitativ hochwertigen Service zu bieten. Jaume, Juan Marcos und Franc sind bereits die zweite Generation an der Spitze von G Deco, und wir gehen jeden Tag mit gro\u00dfer Begeisterung an die Arbeit, um neue Designs und Kollektionen zu entwickeln.<\/p>\n<p>In der Zukunft wollen wir verst\u00e4rkt auf nachhaltigere und umweltfreundlichere Produkte setzen. Denn wir m\u00f6chten nicht nur, dass jeder ein gem\u00fctlicheres und angenehmeres Zuhause hat, sondern auch, dass unsere zuk\u00fcnftigen Generationen auf einem Planeten leben, der mindestens genauso gut ist wie der, den wir heute genie\u00dfen d\u00fcrfen.<\/p>\n<\/div>\n<\/div><\/div><\/div><\/div><\/div><div id=\"pg-1501-1\"  class=\"panel-grid panel-no-style\" ><div id=\"pgc-1501-1-0\"  class=\"panel-grid-cell\" ><div id=\"panel-1501-1-0-0\" class=\"so-panel widget widget_sow-editor panel-first-child panel-last-child\" data-index=\"2\" ><div class=\"txt-about panel-widget-style panel-widget-style-for-1501-1-0-0\" ><div\n\t\t\t\n\t\t\tclass=\"so-widget-sow-editor so-widget-sow-editor-base\"\n\t\t\t\n\t\t>\n<div class=\"siteorigin-widget-tinymce textwidget\">\n\t<h2>Made in Spain<\/h2>\n<p data-start=\"1406\" data-end=\"1596\">Seit mehreren Jahren setzen wir auf Produkte, die zu 100 % in Spanien hergestellt werden. Daraus sind unsere gedruckten Kataloge entstanden: ELEMENTS (2018), DECO (2023) und MUEBLE (2023).<\/p>\n<p data-start=\"1598\" data-end=\"1830\">Wir glauben, dass die Wertsch\u00e4tzung und Pflege der gro\u00dfen handwerklichen Tradition, ohne die neuesten Designtrends aus den Augen zu verlieren, der Schl\u00fcssel ist, um ein Gleichgewicht zwischen Tradition und Modernit\u00e4t zu erreichen.<\/p>\n<p data-start=\"1832\" data-end=\"2054\">Zu unseren Priorit\u00e4ten geh\u00f6rt es, das nahegelegene industrielle Gef\u00fcge zu erhalten und die CO2-Emissionen zu reduzieren. Gleichzeitig integrieren wir in unsere Produkte neue nachhaltige und umweltfreundliche Materialien.<\/p>\n<\/div>\n<\/div><\/div><\/div><\/div><div id=\"pgc-1501-1-1\"  class=\"panel-grid-cell\" ><div id=\"panel-1501-1-1-0\" class=\"so-panel widget widget_sow-image panel-first-child panel-last-child\" data-index=\"3\" ><div\n\t\t\t\n\t\t\tclass=\"so-widget-sow-image so-widget-sow-image-default-8b5b6f678277-1501\"\n\t\t\t\n\t\t>\n<div class=\"sow-image-container\">\n\t\t<img \n\tsrc=\"https:\/\/gdeco.es\/wp-content\/uploads\/2025\/10\/FOTOS-ABOUT.jpg\" width=\"1920\" height=\"1920\" srcset=\"https:\/\/gdeco.es\/wp-content\/uploads\/2025\/10\/FOTOS-ABOUT.jpg 1920w, https:\/\/gdeco.es\/wp-content\/uploads\/2025\/10\/FOTOS-ABOUT-300x300.jpg 300w, https:\/\/gdeco.es\/wp-content\/uploads\/2025\/10\/FOTOS-ABOUT-1024x1024.jpg 1024w, https:\/\/gdeco.es\/wp-content\/uploads\/2025\/10\/FOTOS-ABOUT-150x150.jpg 150w, https:\/\/gdeco.es\/wp-content\/uploads\/2025\/10\/FOTOS-ABOUT-768x768.jpg 768w, https:\/\/gdeco.es\/wp-content\/uploads\/2025\/10\/FOTOS-ABOUT-1536x1536.jpg 1536w\" sizes=\"(max-width: 1920px) 100vw, 1920px\" title=\"FOTOS ABOUT\" alt=\"\" \t\tclass=\"so-widget-image\"\/>\n\t<\/div>\n\n<\/div><\/div><\/div><\/div><\/div>","protected":false},"excerpt":{"rendered":"<p>Familienunternehmen mit starker internationaler Ausrichtung G Deco wurde vor \u00fcber 20 Jahren gegr\u00fcndet. Seit unseren Anf\u00e4ngen haben wir stets versucht, [&hellip;]<\/p>\n","protected":false},"author":1,"featured_media":0,"parent":0,"menu_order":0,"comment_status":"closed","ping_status":"closed","template":"page-templates\/full-width.php","meta":{"footnotes":""},"class_list":["post-1501","page","type-page","status-publish","hentry"],"_links":{"self":[{"href":"https:\/\/gdeco.es\/de\/wp-json\/wp\/v2\/pages\/1501","targetHints":{"allow":["GET"]}}],"collection":[{"href":"https:\/\/gdeco.es\/de\/wp-json\/wp\/v2\/pages"}],"about":[{"href":"https:\/\/gdeco.es\/de\/wp-json\/wp\/v2\/types\/page"}],"author":[{"embeddable":true,"href":"https:\/\/gdeco.es\/de\/wp-json\/wp\/v2\/users\/1"}],"replies":[{"embeddable":true,"href":"https:\/\/gdeco.es\/de\/wp-json\/wp\/v2\/comments?post=1501"}],"version-history":[{"count":4,"href":"https:\/\/gdeco.es\/de\/wp-json\/wp\/v2\/pages\/1501\/revisions"}],"predecessor-version":[{"id":1755,"href":"https:\/\/gdeco.es\/de\/wp-json\/wp\/v2\/pages\/1501\/revisions\/1755"}],"wp:attachment":[{"href":"https:\/\/gdeco.es\/de\/wp-json\/wp\/v2\/media?parent=1501"}],"curies":[{"name":"wp","href":"https:\/\/api.w.org\/{rel}","templated":true}]}}

<div id="pl-1501"  class="panel-layout" ><div id="pg-1501-0"  class="panel-grid panel-no-style" ><div id="pgc-1501-0-0"  class="panel-grid-cell" ><div id="panel-1501-0-0-0" class="so-panel widget widget_sow-image panel-first-child panel-last-child" data-index="0" ><div
			
			class="so-widget-sow-image so-widget-sow-image-default-8b5b6f678277-1501"
			
		>
<div class="sow-image-container">
		<img 
	src="https://gdeco.es/wp-content/uploads/2025/10/FOTOS-AVOUT-2.jpg" width="1920" height="1920" srcset="https://gdeco.es/wp-content/uploads/2025/10/FOTOS-AVOUT-2.jpg 1920w, https://gdeco.es/wp-content/uploads/2025/10/FOTOS-AVOUT-2-300x300.jpg 300w, https://gdeco.es/wp-content/uploads/2025/10/FOTOS-AVOUT-2-1024x1024.jpg 1024w, https://gdeco.es/wp-content/uploads/2025/10/FOTOS-AVOUT-2-150x150.jpg 150w, https://gdeco.es/wp-content/uploads/2025/10/FOTOS-AVOUT-2-768x768.jpg 768w, https://gdeco.es/wp-content/uploads/2025/10/FOTOS-AVOUT-2-1536x1536.jpg 1536w" sizes="(max-width: 1920px) 100vw, 1920px" title="FOTOS AVOUT 2" alt="" 		class="so-widget-image"/>
	</div>

</div></div></div><div id="pgc-1501-0-1"  class="panel-grid-cell" ><div id="panel-1501-0-1-0" class="so-panel widget widget_sow-editor panel-first-child panel-last-child" data-index="1" ><div class="txt-about panel-widget-style panel-widget-style-for-1501-0-1-0" ><div
			
			class="so-widget-sow-editor so-widget-sow-editor-base"
			
		>
<div class="siteorigin-widget-tinymce textwidget">
	<h2>Familienunternehmen mit starker internationaler Ausrichtung</h2>
<p>G Deco wurde vor über 20 Jahren gegründet.<br />
Seit unseren Anfängen haben wir stets versucht, sowohl bei nationalen als auch internationalen Herstellern eine große Vielfalt an Möbeln und Dekorationsartikeln zu finden, die dem Zuhause eine einzigartige Atmosphäre verleihen.</p>
<p>Ein weiterer großer Wert von G Deco ist unser familiärer Charakter, der es uns ermöglicht hat, unseren Kunden einen persönlichen und qualitativ hochwertigen Service zu bieten. Jaume, Juan Marcos und Franc sind bereits die zweite Generation an der Spitze von G Deco, und wir gehen jeden Tag mit großer Begeisterung an die Arbeit, um neue Designs und Kollektionen zu entwickeln.</p>
<p>In der Zukunft wollen wir verstärkt auf nachhaltigere und umweltfreundlichere Produkte setzen. Denn wir möchten nicht nur, dass jeder ein gemütlicheres und angenehmeres Zuhause hat, sondern auch, dass unsere zukünftigen Generationen auf einem Planeten leben, der mindestens genauso gut ist wie der, den wir heute genießen dürfen.</p>
</div>
</div></div></div></div></div><div id="pg-1501-1"  class="panel-grid panel-no-style" ><div id="pgc-1501-1-0"  class="panel-grid-cell" ><div id="panel-1501-1-0-0" class="so-panel widget widget_sow-editor panel-first-child panel-last-child" data-index="2" ><div class="txt-about panel-widget-style panel-widget-style-for-1501-1-0-0" ><div
			
			class="so-widget-sow-editor so-widget-sow-editor-base"
			
		>
<div class="siteorigin-widget-tinymce textwidget">
	<h2>Made in Spain</h2>
<p data-start="1406" data-end="1596">Seit mehreren Jahren setzen wir auf Produkte, die zu 100 % in Spanien hergestellt werden. Daraus sind unsere gedruckten Kataloge entstanden: ELEMENTS (2018), DECO (2023) und MUEBLE (2023).</p>
<p data-start="1598" data-end="1830">Wir glauben, dass die Wertschätzung und Pflege der großen handwerklichen Tradition, ohne die neuesten Designtrends aus den Augen zu verlieren, der Schlüssel ist, um ein Gleichgewicht zwischen Tradition und Modernität zu erreichen.</p>
<p data-start="1832" data-end="2054">Zu unseren Prioritäten gehört es, das nahegelegene industrielle Gefüge zu erhalten und die CO2-Emissionen zu reduzieren. Gleichzeitig integrieren wir in unsere Produkte neue nachhaltige und umweltfreundliche Materialien.</p>
</div>
</div></div></div></div><div id="pgc-1501-1-1"  class="panel-grid-cell" ><div id="panel-1501-1-1-0" class="so-panel widget widget_sow-image panel-first-child panel-last-child" data-index="3" ><div
			
			class="so-widget-sow-image so-widget-sow-image-default-8b5b6f678277-1501"
			
		>
<div class="sow-image-container">
		<img 
	src="https://gdeco.es/wp-content/uploads/2025/10/FOTOS-ABOUT.jpg" width="1920" height="1920" srcset="https://gdeco.es/wp-content/uploads/2025/10/FOTOS-ABOUT.jpg 1920w, https://gdeco.es/wp-content/uploads/2025/10/FOTOS-ABOUT-300x300.jpg 300w, https://gdeco.es/wp-content/uploads/2025/10/FOTOS-ABOUT-1024x1024.jpg 1024w, https://gdeco.es/wp-content/uploads/2025/10/FOTOS-ABOUT-150x150.jpg 150w, https://gdeco.es/wp-content/uploads/2025/10/FOTOS-ABOUT-768x768.jpg 768w, https://gdeco.es/wp-content/uploads/2025/10/FOTOS-ABOUT-1536x1536.jpg 1536w" sizes="(max-width: 1920px) 100vw, 1920px" title="FOTOS ABOUT" alt="" 		class="so-widget-image"/>
	</div>

</div></div></div></div></div>

<p>Familienunternehmen mit starker internationaler Ausrichtung G Deco wurde vor über 20 Jahren gegründet. Seit unseren Anfängen haben wir stets versucht, [&hellip;]</p>
