{"id":1503,"date":"2025-07-23T14:17:07","date_gmt":"2025-07-23T12:17:07","guid":{"rendered":"https:\/\/naftictest.es\/gdeco\/about\/"},"modified":"2025-10-02T16:34:27","modified_gmt":"2025-10-02T14:34:27","slug":"about","status":"publish","type":"page","link":"https:\/\/gdeco.es\/it\/about\/","title":{"rendered":"About"},"content":{"rendered":"<div id=\"pl-1503\"  class=\"panel-layout\" ><div id=\"pg-1503-0\"  class=\"panel-grid panel-no-style\" ><div id=\"pgc-1503-0-0\"  class=\"panel-grid-cell\" ><div id=\"panel-1503-0-0-0\" class=\"so-panel widget widget_sow-image panel-first-child panel-last-child\" data-index=\"0\" ><div\n\t\t\t\n\t\t\tclass=\"so-widget-sow-image so-widget-sow-image-default-8b5b6f678277-1503\"\n\t\t\t\n\t\t>\n<div class=\"sow-image-container\">\n\t\t<img \n\tsrc=\"https:\/\/gdeco.es\/wp-content\/uploads\/2025\/10\/FOTOS-AVOUT-2.jpg\" width=\"1920\" height=\"1920\" srcset=\"https:\/\/gdeco.es\/wp-content\/uploads\/2025\/10\/FOTOS-AVOUT-2.jpg 1920w, https:\/\/gdeco.es\/wp-content\/uploads\/2025\/10\/FOTOS-AVOUT-2-300x300.jpg 300w, https:\/\/gdeco.es\/wp-content\/uploads\/2025\/10\/FOTOS-AVOUT-2-1024x1024.jpg 1024w, https:\/\/gdeco.es\/wp-content\/uploads\/2025\/10\/FOTOS-AVOUT-2-150x150.jpg 150w, https:\/\/gdeco.es\/wp-content\/uploads\/2025\/10\/FOTOS-AVOUT-2-768x768.jpg 768w, https:\/\/gdeco.es\/wp-content\/uploads\/2025\/10\/FOTOS-AVOUT-2-1536x1536.jpg 1536w\" sizes=\"(max-width: 1920px) 100vw, 1920px\" title=\"FOTOS AVOUT 2\" alt=\"\" \t\tclass=\"so-widget-image\"\/>\n\t<\/div>\n\n<\/div><\/div><\/div><div id=\"pgc-1503-0-1\"  class=\"panel-grid-cell\" ><div id=\"panel-1503-0-1-0\" class=\"so-panel widget widget_sow-editor panel-first-child panel-last-child\" data-index=\"1\" ><div class=\"txt-about panel-widget-style panel-widget-style-for-1503-0-1-0\" ><div\n\t\t\t\n\t\t\tclass=\"so-widget-sow-editor so-widget-sow-editor-base\"\n\t\t\t\n\t\t>\n<div class=\"siteorigin-widget-tinymce textwidget\">\n\t<h2>Azienda familiare con grande proiezione internazionale<\/h2>\n<p data-start=\"3256\" data-end=\"3471\">G Deco nasce pi\u00f9 di 20 anni fa. Fin dagli inizi abbiamo sempre cercato, presso produttori nazionali e internazionali, una grande variet\u00e0 di mobili e articoli di decorazione che donino alla casa un\u2019atmosfera unica.<\/p>\n<p data-start=\"3473\" data-end=\"3810\">Un altro grande valore di G Deco \u00e8 il nostro carattere familiare, che ci ha permesso di offrire ai nostri clienti un servizio vicino e di qualit\u00e0. Jaume, Juan Marcos e Franc siamo gi\u00e0 la seconda generazione alla guida di G Deco e affrontiamo ogni giorno con il massimo entusiasmo per continuare a lavorare su nuovi design e collezioni.<\/p>\n<p data-start=\"3812\" data-end=\"4161\">Nel nostro orizzonte abbiamo un compito importante: puntare su prodotti pi\u00f9 sostenibili e rispettosi dell\u2019ambiente, perch\u00e9 non vogliamo soltanto che tutti abbiano una casa pi\u00f9 accogliente e piacevole, ma vogliamo anche che le prossime generazioni vivano in un pianeta altrettanto buono o addirittura migliore di quello di cui possiamo godere oggi.<\/p>\n<\/div>\n<\/div><\/div><\/div><\/div><\/div><div id=\"pg-1503-1\"  class=\"panel-grid panel-no-style\" ><div id=\"pgc-1503-1-0\"  class=\"panel-grid-cell\" ><div id=\"panel-1503-1-0-0\" class=\"so-panel widget widget_sow-editor panel-first-child panel-last-child\" data-index=\"2\" ><div class=\"txt-about panel-widget-style panel-widget-style-for-1503-1-0-0\" ><div\n\t\t\t\n\t\t\tclass=\"so-widget-sow-editor so-widget-sow-editor-base\"\n\t\t\t\n\t\t>\n<div class=\"siteorigin-widget-tinymce textwidget\">\n\t<h2 data-start=\"2061\" data-end=\"2103\">Made in Spain<\/h2>\n<p data-start=\"2105\" data-end=\"2278\">Da diversi anni puntiamo su prodotti fabbricati al 100% in Spagna. Frutto di questo impegno sono i nostri cataloghi stampati: ELEMENTS (2018), DECO (2023) e MUEBLE (2023).<\/p>\n<p data-start=\"2280\" data-end=\"2474\">Crediamo che valorizzare e lavorare la grande tradizione artigianale, senza perdere di vista le ultime tendenze del design, sia la chiave per ottenere un equilibrio tra tradizione e modernit\u00e0.<\/p>\n<p data-start=\"2476\" data-end=\"2713\">Tra le nostre priorit\u00e0 vi sono il mantenimento del tessuto industriale pi\u00f9 vicino e la riduzione delle emissioni di CO2. Allo stesso tempo, stiamo incorporando nei nostri prodotti nuovi materiali sostenibili e rispettosi dell\u2019ambiente.<\/p>\n<\/div>\n<\/div><\/div><\/div><\/div><div id=\"pgc-1503-1-1\"  class=\"panel-grid-cell\" ><div id=\"panel-1503-1-1-0\" class=\"so-panel widget widget_sow-image panel-first-child panel-last-child\" data-index=\"3\" ><div\n\t\t\t\n\t\t\tclass=\"so-widget-sow-image so-widget-sow-image-default-8b5b6f678277-1503\"\n\t\t\t\n\t\t>\n<div class=\"sow-image-container\">\n\t\t<img \n\tsrc=\"https:\/\/gdeco.es\/wp-content\/uploads\/2025\/10\/FOTOS-ABOUT.jpg\" width=\"1920\" height=\"1920\" srcset=\"https:\/\/gdeco.es\/wp-content\/uploads\/2025\/10\/FOTOS-ABOUT.jpg 1920w, https:\/\/gdeco.es\/wp-content\/uploads\/2025\/10\/FOTOS-ABOUT-300x300.jpg 300w, https:\/\/gdeco.es\/wp-content\/uploads\/2025\/10\/FOTOS-ABOUT-1024x1024.jpg 1024w, https:\/\/gdeco.es\/wp-content\/uploads\/2025\/10\/FOTOS-ABOUT-150x150.jpg 150w, https:\/\/gdeco.es\/wp-content\/uploads\/2025\/10\/FOTOS-ABOUT-768x768.jpg 768w, https:\/\/gdeco.es\/wp-content\/uploads\/2025\/10\/FOTOS-ABOUT-1536x1536.jpg 1536w\" sizes=\"(max-width: 1920px) 100vw, 1920px\" title=\"FOTOS ABOUT\" alt=\"\" \t\tclass=\"so-widget-image\"\/>\n\t<\/div>\n\n<\/div><\/div><\/div><\/div><\/div>","protected":false},"excerpt":{"rendered":"<p>Azienda familiare con grande proiezione internazionale G Deco nasce pi\u00f9 di 20 anni fa. Fin dagli inizi abbiamo sempre cercato, [&hellip;]<\/p>\n","protected":false},"author":1,"featured_media":0,"parent":0,"menu_order":0,"comment_status":"closed","ping_status":"closed","template":"page-templates\/full-width.php","meta":{"footnotes":""},"class_list":["post-1503","page","type-page","status-publish","hentry"],"_links":{"self":[{"href":"https:\/\/gdeco.es\/it\/wp-json\/wp\/v2\/pages\/1503","targetHints":{"allow":["GET"]}}],"collection":[{"href":"https:\/\/gdeco.es\/it\/wp-json\/wp\/v2\/pages"}],"about":[{"href":"https:\/\/gdeco.es\/it\/wp-json\/wp\/v2\/types\/page"}],"author":[{"embeddable":true,"href":"https:\/\/gdeco.es\/it\/wp-json\/wp\/v2\/users\/1"}],"replies":[{"embeddable":true,"href":"https:\/\/gdeco.es\/it\/wp-json\/wp\/v2\/comments?post=1503"}],"version-history":[{"count":4,"href":"https:\/\/gdeco.es\/it\/wp-json\/wp\/v2\/pages\/1503\/revisions"}],"predecessor-version":[{"id":1756,"href":"https:\/\/gdeco.es\/it\/wp-json\/wp\/v2\/pages\/1503\/revisions\/1756"}],"wp:attachment":[{"href":"https:\/\/gdeco.es\/it\/wp-json\/wp\/v2\/media?parent=1503"}],"curies":[{"name":"wp","href":"https:\/\/api.w.org\/{rel}","templated":true}]}}

<div id="pl-1503"  class="panel-layout" ><div id="pg-1503-0"  class="panel-grid panel-no-style" ><div id="pgc-1503-0-0"  class="panel-grid-cell" ><div id="panel-1503-0-0-0" class="so-panel widget widget_sow-image panel-first-child panel-last-child" data-index="0" ><div
			
			class="so-widget-sow-image so-widget-sow-image-default-8b5b6f678277-1503"
			
		>
<div class="sow-image-container">
		<img 
	src="https://gdeco.es/wp-content/uploads/2025/10/FOTOS-AVOUT-2.jpg" width="1920" height="1920" srcset="https://gdeco.es/wp-content/uploads/2025/10/FOTOS-AVOUT-2.jpg 1920w, https://gdeco.es/wp-content/uploads/2025/10/FOTOS-AVOUT-2-300x300.jpg 300w, https://gdeco.es/wp-content/uploads/2025/10/FOTOS-AVOUT-2-1024x1024.jpg 1024w, https://gdeco.es/wp-content/uploads/2025/10/FOTOS-AVOUT-2-150x150.jpg 150w, https://gdeco.es/wp-content/uploads/2025/10/FOTOS-AVOUT-2-768x768.jpg 768w, https://gdeco.es/wp-content/uploads/2025/10/FOTOS-AVOUT-2-1536x1536.jpg 1536w" sizes="(max-width: 1920px) 100vw, 1920px" title="FOTOS AVOUT 2" alt="" 		class="so-widget-image"/>
	</div>

</div></div></div><div id="pgc-1503-0-1"  class="panel-grid-cell" ><div id="panel-1503-0-1-0" class="so-panel widget widget_sow-editor panel-first-child panel-last-child" data-index="1" ><div class="txt-about panel-widget-style panel-widget-style-for-1503-0-1-0" ><div
			
			class="so-widget-sow-editor so-widget-sow-editor-base"
			
		>
<div class="siteorigin-widget-tinymce textwidget">
	<h2>Azienda familiare con grande proiezione internazionale</h2>
<p data-start="3256" data-end="3471">G Deco nasce più di 20 anni fa. Fin dagli inizi abbiamo sempre cercato, presso produttori nazionali e internazionali, una grande varietà di mobili e articoli di decorazione che donino alla casa un’atmosfera unica.</p>
<p data-start="3473" data-end="3810">Un altro grande valore di G Deco è il nostro carattere familiare, che ci ha permesso di offrire ai nostri clienti un servizio vicino e di qualità. Jaume, Juan Marcos e Franc siamo già la seconda generazione alla guida di G Deco e affrontiamo ogni giorno con il massimo entusiasmo per continuare a lavorare su nuovi design e collezioni.</p>
<p data-start="3812" data-end="4161">Nel nostro orizzonte abbiamo un compito importante: puntare su prodotti più sostenibili e rispettosi dell’ambiente, perché non vogliamo soltanto che tutti abbiano una casa più accogliente e piacevole, ma vogliamo anche che le prossime generazioni vivano in un pianeta altrettanto buono o addirittura migliore di quello di cui possiamo godere oggi.</p>
</div>
</div></div></div></div></div><div id="pg-1503-1"  class="panel-grid panel-no-style" ><div id="pgc-1503-1-0"  class="panel-grid-cell" ><div id="panel-1503-1-0-0" class="so-panel widget widget_sow-editor panel-first-child panel-last-child" data-index="2" ><div class="txt-about panel-widget-style panel-widget-style-for-1503-1-0-0" ><div
			
			class="so-widget-sow-editor so-widget-sow-editor-base"
			
		>
<div class="siteorigin-widget-tinymce textwidget">
	<h2 data-start="2061" data-end="2103">Made in Spain</h2>
<p data-start="2105" data-end="2278">Da diversi anni puntiamo su prodotti fabbricati al 100% in Spagna. Frutto di questo impegno sono i nostri cataloghi stampati: ELEMENTS (2018), DECO (2023) e MUEBLE (2023).</p>
<p data-start="2280" data-end="2474">Crediamo che valorizzare e lavorare la grande tradizione artigianale, senza perdere di vista le ultime tendenze del design, sia la chiave per ottenere un equilibrio tra tradizione e modernità.</p>
<p data-start="2476" data-end="2713">Tra le nostre priorità vi sono il mantenimento del tessuto industriale più vicino e la riduzione delle emissioni di CO2. Allo stesso tempo, stiamo incorporando nei nostri prodotti nuovi materiali sostenibili e rispettosi dell’ambiente.</p>
</div>
</div></div></div></div><div id="pgc-1503-1-1"  class="panel-grid-cell" ><div id="panel-1503-1-1-0" class="so-panel widget widget_sow-image panel-first-child panel-last-child" data-index="3" ><div
			
			class="so-widget-sow-image so-widget-sow-image-default-8b5b6f678277-1503"
			
		>
<div class="sow-image-container">
		<img 
	src="https://gdeco.es/wp-content/uploads/2025/10/FOTOS-ABOUT.jpg" width="1920" height="1920" srcset="https://gdeco.es/wp-content/uploads/2025/10/FOTOS-ABOUT.jpg 1920w, https://gdeco.es/wp-content/uploads/2025/10/FOTOS-ABOUT-300x300.jpg 300w, https://gdeco.es/wp-content/uploads/2025/10/FOTOS-ABOUT-1024x1024.jpg 1024w, https://gdeco.es/wp-content/uploads/2025/10/FOTOS-ABOUT-150x150.jpg 150w, https://gdeco.es/wp-content/uploads/2025/10/FOTOS-ABOUT-768x768.jpg 768w, https://gdeco.es/wp-content/uploads/2025/10/FOTOS-ABOUT-1536x1536.jpg 1536w" sizes="(max-width: 1920px) 100vw, 1920px" title="FOTOS ABOUT" alt="" 		class="so-widget-image"/>
	</div>

</div></div></div></div></div>

<p>Azienda familiare con grande proiezione internazionale G Deco nasce più di 20 anni fa. Fin dagli inizi abbiamo sempre cercato, [&hellip;]</p>
